 = -8 + 10. Let z(a) = 0*a**2 - 4*a**2 - 3 + a**3 + 2*a**2 - a**m. Give z(t).
-3
Let o(t) = -7*t**2 + 13*t + 8. Let w(z) = 13*z**2 - 25*z - 15. Let v(y) = 11*o(y) + 6*w(y). Determine v(5).
-12
Let h(o) be the second derivative of 1/6*o**3 + 2*o + 0 + 2*o**2. Give h(-3).
1
Let f = -7 - -13. Let r(n) = -7*n**3 + 9*n**2 + 3*n - 3. Let v(b) = 15*b**3 - 19*b**2 - 6*b + 6. Let y(s) = f*v(s) + 13*r(s). Give y(4).
-7
Suppose 5*p - 2*i = 23 + 5, 19 = 3*p + i. Let g(r) = r - 11. Give g(p).
-5
Let y(c) = -c**2 - 1 + 6*c - 3*c**2 + 5*c**2. Let q = 23 + -29. Determine y(q).
-1
Suppose 5*n + 52 = 12. Let i be n/12*15/(-2). Let k(b) = b**2 - 5*b - 5. What is k(i)?
-5
Let f(k) = 2*k + 8. Let c be (-4)/(-18) + (-11)/9. Let g = -5 + c. Determine f(g).
-4
Let h be 0 + (-75)/(-10)*(-4)/(-5). Let g(b) = -2*b + 7. Determine g(h).
-5
Suppose 0 = 11*t - 12*t + 5. Let b(n) = n**3 - 4*n**2 - 6. Calculate b(t).
19
Let r(v) be the third derivative of -v**6/120 + v**4/24 - v**3/6 + 3*v**2. Let y(x) = -x**2 - 5*x + 1. Let n be y(-5). Let u be 0 - (-1)/n - 0. Calculate r(u).
-1
Suppose 2 = 7*m - 33. Let j(c) = c - 4. Calculate j(m).
1
Let q(t) = -t + 1. Let l(i) = 2*i**2 - 3. Let p be l(2). Determine q(p).
-4
Suppose -2 - 14 = -4*f. Suppose -h + 0*h + 24 = 4*p, 4*h = -f*p + 36. Suppose 0*v = -v - p. Let s(d) = -d**2 - 4*d + 6. Calculate s(v).
1
Let o(v) = v**2 + 7*v + 5. Suppose -2*q + 3*n = -0*n - 9, -2*n - 21 = -3*q. Let f be 4/(-18) - 34/q. Determine o(f).
-7
Let h(p) = 2*p**2 + 5*p - 9. Let d(r) = -r**2 + r + 1. Let b(f) = 3*d(f) + h(f). What is b(6)?
6
Let q(g) = 3 - 4 - g**3 + 0. Suppose -2*t = 2*t + 3*o + 19, 0 = -2*t - 3*o - 11. Let b = -3 - t. Give q(b).
-2
Let x(y) = -2*y + 3. Let r be (-92)/(-8) + 3/6. Suppose -4*l - r + 0 = 0. What is x(l)?
9
Suppose 0 = 4*a + y - 8, -3*a - 4*y - 4 = -10. Let t(o) = -2*o**3 + 4*o**3 - o**2 - 3*o + 1 + 1. What is t(a)?
8
Let u(p) = -16*p**2 + 0*p**3 + p**3 + 5*p**2 + 3 + 8*p**2 - 4*p. What is u(3)?
-9
Let i(q) = -q**2 - 2. Let k(o) = 2*o**2 + o + 3. Let h(w) = -10*i(w) - 6*k(w). What is h(-5)?
-18
Let t be (-3)/4 + (1 - (-180)/(-16)). Let h(s) = -s**2 - 12*s - 7. Determine h(t).
4
Let g = 47 - 46. Let s(r) = -4*r**3 - r**3 + r + 0*r. What is s(g)?
-4
Let d(z) = 17*z**3 - 22*z**2 + 21*z**2 - 16*z**3. Give d(0).
0
Let f(t) be the second derivative of 0*t**2 + 1/360*t**6 + 1/6*t**3 + 7/24*t**4 + 0*t**5 + t + 0. Let i(n) be the second derivative of f(n). Give i(0).
7
Suppose -w + 0 = -5, -5*g - 4*w + 40 = 0. Let o(k) = 7 + k**2 + 0 + 7*k - g. Calculate o(-6).
-3
Let t(c) = 16*c**3 + 30*c**2 + 6*c + 25. Let r(o) = -3*o**3 - 6*o**2 - o - 5. Let b(p) = -11*r(p) - 2*t(p). Determine b(-6).
11
Suppose 0 = -0*m + m - 5. Suppose -3*p = 4*r - m, -3*r - p + 30 = -4*p. Suppose -r*h + 1 = -24. Let k(l) = l**2 - 4*l - 1. Give k(h).
4
Let d(y) = -2*y - 4. Suppose 0 = 4*j - 56. Let p = j + -19. Determine d(p).
6
Let g = 27 + -32. Let c(h) = -h**3 + 6*h**2 + 6. Let w = 0 + 1. Let p(f) = -f**3 + f**2 + f. Let b(l) = w*c(l) - 2*p(l). What is b(g)?
-9
Let j(q) be the first derivative of -q**3/3 + 5*q**2/2 + 3*q + 3. Suppose -4*d + 10 = u, -5*u + 7 = -d - 22. Calculate j(u).
-3
Let v(c) = -c - 3. Suppose -p + 12 = 3*p. Determine v(p).
-6
Let i(g) = -3*g**2 + 2*g + 1. Let s be 2/2*-2 + -2. Let m(q) = q**2 + 5*q + 2. Let f be m(s). Let t be 12/18*3/f. Determine i(t).
-4
Let k(l) = -l**3 + 6*l**2 + 2*l. Suppose -a + 3*q + 21 = 0, 3*a - 4*q - 23 = -3*q. Calculate k(a).
12
Suppose -5*h - 5 = -2*u - 0*u, -h = -1. Let f(y) = 4 - 2*y**3 - 5*y**2 + 0*y**3 + 3*y**3. Calculate f(u).
4
Suppose -2*h + 0*h = -4*v + 14, 3*v + 5*h - 30 = 0. Let r(u) = -6*u - 3. Let w(m) = -5*m - 2. Let g(d) = -4*r(d) + 5*w(d). What is g(v)?
-3
Let h = 30 + -25. Let w = 5 - 0. Let c(l) = 2 - w + h + l. What is c(-5)?
-3
Let c = 2 - 1. Let w be 5 + 0 + -1 + c. Let l(m) = -m. Let r(h) = -5*h - 2. Let p(z) = -6*l(z) + r(z). Calculate p(w).
3
Let r(q) = 2*q**3 - 12*q**2 - 2*q + 11. Let c be r(6). Let z(m) be the first derivative of 10*m**3/3 - m**2 - m + 1. What is z(c)?
11
Suppose 4*t = 3 + 1. Suppose c - t = -j - 3, -16 = -4*c. Let q = -4 - j. Let m(p) = -p**3 - p**2 + 2*p + 1. Give m(q).
-7
Let n(b) = 41 + 2*b**2 - 2*b - 40 + 0*b. Determine n(2).
5
Let n be 24/(-18)*6/(-4). Let r(b) = b**2 + 4 - 3 - n. Suppose -5 = -4*y + 3. Determine r(y).
3
Let f(h) = -h**3 + h**2 + 2. Let i be f(0). Let l(t) = i*t - 7 - 2 - 5 + 16. Let w be (-1)/(-4) + 34/(-8). Calculate l(w).
-6
Let h(m) be the third derivative of m**8/6720 + m**7/504 + 7*m**6/720 + m**5/20 - m**4/3 + m**2. Let c(y) be the second derivative of h(y). Give c(-4).
-6
Let w(b) = -2*b**3 + b**2 + 1. Suppose 2*a = 3*a - 2. Calculate w(a).
-11
Let a(r) = -2*r**2 + 8*r + 3. Suppose -13 = y + 3*w - 0, 5*y + 29 = 3*w. Let u = y + 9. Let g(l) = l**2 - 4*l - 2. Let v(i) = u*a(i) + 5*g(i). Give v(5).
1
Let k(o) = -5 - 7*o + 4*o + 2 + 2*o. Give k(0).
-3
Let m(v) be the third derivative of -v**7/5040 - v**5/12 - 4*v**2. Let c(f) be the third derivative of m(f). Determine c(0).
0
Let r(n) be the third derivative of n**5/120 - 5*n**4/12 - n**3/3 - 4*n**2. Let i(g) be the first derivative of r(g). Suppose 3*s - 5 = 13. Determine i(s).
-4
Let s(d) = -d**2 + 0*d**2 + 6*d - 2*d + 2. What is s(4)?
2
Let g be ((3 + -3)*-1)/3. Let y(r) be the third derivative of -1/120*r**6 + 0*r + 1/60*r**5 + 0*r**4 + 0 - 2*r**2 + g*r**3. Determine y(0).
0
Let h = -7 - -11. Suppose 0 = 5*s - 5*o - 30, -o - 4 - h = -2*s. Let j(f) = -s*f**2 + 4 - 1 - 1 - 4*f**2 - 5*f - f**3. Give j(-5).
2
Let s(m) = -m**3 + 5*m**2 - 7*m**2 - 4*m + 2*m**2 - 3*m**2 - 2. Give s(-2).
2
Let q(h) = -h**3 + 4*h**2 - 3*h - 4. Suppose 0*j + j = 0. Suppose -3*r - 3 + 12 = j. What is q(r)?
-4
Let v(x) be the second derivative of x**5/20 + 5*x**4/12 - 5*x**2/2 + 7*x. What is v(-5)?
-5
Let b be (2/(-6))/(1/(-9)). Let g(r) = 3*r**3 + 5*r**2 - 2*r - 4. Let v(w) = w**3. Let h(l) = g(l) - 4*v(l). What is h(b)?
8
Suppose 1 - 5 = -4*h. Let d(w) = -w + 1. Let l(x) = -13*x**3 - 2*x + 1. Let p(g) = 2*d(g) - l(g). Give p(h).
14
Suppose 3*z - 26 = -4*f, 2*z - 2 = 2*f + 20. Suppose -z - 10 = 5*m. Let y(q) = -q**3 - 5*q**2 - 6*q - 3. Determine y(m).
5
Let h(g) = 3 - 19*g + g**2 + 19*g. Give h(0).
3
Suppose -2*z = -4*n + 4, 0*n - 2*n = 2*z - 2. Let g(q) = 6*q - 3*q - 8 + z*q - 4*q. Let o(v) = 2*v + 16. Let s(m) = 5*g(m) + 2*o(m). Determine s(-6).
-2
Suppose 2*p = -2*p. Suppose 1 = u - 2. Suppose -u*w = -p*w + 3. Let x(s) = -3*s. Give x(w).
3
Let d(j) = 3*j - 6. Let y(n) = 7*n - 12. Let x(b) = 9*d(b) - 4*y(b). Let f be x(-8). Let v(z) = -z**3 + 3*z**2 - 3*z + 2. Calculate v(f).
0
Let k(n) be the second derivative of n**3/3 - 6*n**2 - 44*n. Determine k(8).
4
Let c(t) = t**2 - 2 + 3*t**2 - 5 + 6. What is c(1)?
3
Let b = -3 + 4. Let t(w) = -w**2 + 10*w**2 + w + w**2 - 11*w**2 - 3*w**3. Determine t(b).
-3
Let h be (-3 - (0 - 1))*1. Let g(p) = 0*p**2 - 1 - 5*p - 4*p**2 + 2*p + 2*p**2. Give g(h).
-3
Let o be 0/1 + 2 + 0. Let h(j) = o - 2*j**2 + j + 3*j - 4 + 5. Let w(v) = v**2 + v + 1. Let s(f) = h(f) + w(f). What is s(5)?
4
Suppose 0 = 8*p - 11*p - 6. Let y(l) be the third derivative of l**4/8 + l**3/6 + 3*l**2. What is y(p)?
-5
Let h(x) = -4*x**3 + 6*x**2 - 4*x + 2. Let z(a) = -a**3 + 1. Let f(i) = h(i) - 3*z(i). Let t be (-15)/6*(-8)/4. Give f(t).
4
Let a(y) = 3*y - 5*y + 105 - 111. Determine a(-5).
4
Let q(l) = -1 + 0*l - l - 3 + 2. What is q(-2)?
0
Let a(p) = 3 - 33*p - p**2 + 33*p. What is a(4)?
-13
Let y(a) = a - 2. Let h(f) = -f**2 + 4*f - 4. Let r be h(3). Let c be -6 + 3 - r - -3. Let m be c/((-26)/(-12) + -2). What is y(m)?
4
Let g(w) = 12*w + 3. Let p(n) = -n**3 - n**2 - 4*n + 4. Let o be p(1). Give g(o).
-21
Suppose -47 + 3 = -11*p. Let z(d) = -d**3 + 4*d**2 + d - 4. Calculate z(p).
0
Let f(u) be the third derivative of -3*u**6/40 - u**5/30 - u**4/24 + 2*u**2. Suppose -4*b - 1 - 3 = 0. Give f(b).
8
Let x be ((1 + -2)*1)/(-1). Let k be (x - (1 + 3))/(-1). Let f(m) = -9*m**k - m - 1 + 3*m**3 + m. Give f(-1).
5
Let g(u) be the second derivative of -u**7/630 + u**5/120 - u**4/6 - 2*u. Let p(m) be the third derivative of g(m). Let q be -1 + (5 - 1 - 4). What is p(q)?
-3
Let u = 30 - 28. Let h(x) = -x**3 + 2*x**2 - 3*x + 1. What is h(u)?
-5
Let l(r) = -4*r - 2. Let b(i) = i. Let p(d) = -5*b(d) - l(d). Let a be p(